{"id":2,"date":"2025-10-02T13:29:04","date_gmt":"2025-10-02T18:29:04","guid":{"rendered":"http:\/\/localhost\/comreivic2020\/?page_id=2"},"modified":"2026-01-22T13:05:33","modified_gmt":"2026-01-22T18:05:33","slug":"pagina-ejemplo","status":"publish","type":"page","link":"https:\/\/comreivic.com\/web\/","title":{"rendered":"Inicio"},"content":{"rendered":"<div class=\"wp-block-cover is-light ocultar-en-escritorio has-mobile-text-align-center wp-duotone-unset-1\"><span aria-hidden=\"true\" class=\"wp-block-cover__background has-background-dim-0 has-background-dim\" style=\"background-color:#FFF\"><\/span><video class=\"wp-block-cover__video-background intrinsic-ignore\" autoplay muted loop playsinline src=\"https:\/\/comreivic.com\/web\/wp-content\/uploads\/2026\/01\/web-1080x1920-1.mp4\" data-object-fit=\"cover\"><\/video><div class=\"wp-block-cover__inner-container is-layout-constrained wp-block-cover-is-layout-constrained\"><p class=\"has-text-align-center has-large-font-size\"><\/p><\/div><\/div><div class=\"wp-block-cover is-light ocultar-en-movil has-mobile-text-align-center wp-duotone-unset-2\"><span aria-hidden=\"true\" class=\"wp-block-cover__background has-background-dim-0 has-background-dim\" style=\"background-color:#FFF\"><\/span><video class=\"wp-block-cover__video-background intrinsic-ignore\" autoplay muted loop playsinline src=\"https:\/\/comreivic.com\/web\/wp-content\/uploads\/2026\/01\/1920x960.mp4\" style=\"object-position:49% 51%\" data-object-fit=\"cover\" data-object-position=\"49% 51%\"><\/video><div class=\"wp-block-cover__inner-container is-layout-constrained wp-block-cover-is-layout-constrained\"><p class=\"has-text-align-center has-large-font-size\"><\/p><\/div><\/div><div class=\"wp-block-columns categorias is-layout-flex wp-container-core-columns-is-layout-1 wp-block-columns-is-layout-flex\"><div class=\"wp-block-column cat-item ek-linked-block is-layout-flow wp-block-column-is-layout-flow\"><figure class=\"wp-block-image size-full imagen\"><a href=\"https:\/\/comreivic.com\/web\/maquinarias\/\"><img decoding=\"async\" width=\"263\" height=\"261\" src=\"https:\/\/comreivic.com\/web\/wp-content\/uploads\/2024\/02\/imagen-alquiler-2.png\" alt=\"\" class=\"wp-image-682\" srcset=\"https:\/\/comreivic.com\/web\/wp-content\/uploads\/2024\/02\/imagen-alquiler-2.png 263w, https:\/\/comreivic.com\/web\/wp-content\/uploads\/2024\/02\/imagen-alquiler-2-150x150.png 150w, https:\/\/comreivic.com\/web\/wp-content\/uploads\/2024\/02\/imagen-alquiler-2-100x100.png 100w\" sizes=\"(max-width: 263px) 100vw, 263px\" \/><\/a><\/figure>\n\n<div class=\"wp-block-group content-item\"><div class=\"wp-block-group__inner-container is-layout-flow wp-block-group-is-layout-flow\"><h3 class=\"wp-block-heading\">Maquinaria<\/h3>\n\n<p class=\"leermas\"><a href=\"https:\/\/comreivic.com\/web\/maquinarias\/\" class=\"ek-link\">M\u00e1s informaci\u00f3n<\/a><\/p><\/div><\/div><a href=\"https:\/\/comreivic.com\/web\/maquinarias\/\" class=\"editorskit-block-link\" rel=\"\"><\/a><\/div>\n\n<div class=\"wp-block-column cat-item ek-linked-block is-layout-flow wp-block-column-is-layout-flow\"><figure class=\"wp-block-image size-full is-resized imagen\"><a href=\"sysmjd.com\/\"><img decoding=\"async\" src=\"https:\/\/comreivic.com\/web\/wp-content\/uploads\/2023\/07\/Catalogo-2023.png\" alt=\"Catalogo 2023\" class=\"wp-image-480\" style=\"width:undefinedpx;height:261px\"\/><\/a><\/figure>\n\n<div class=\"wp-block-group content-item\"><div class=\"wp-block-group__inner-container is-layout-flow wp-block-group-is-layout-flow\"><h3 class=\"wp-block-heading\">Cat\u00e1logos<\/h3>\n\n<p class=\"leermas\"><a href=\"https:\/\/comreivic.com\/web\/catalogos\/\" class=\"ek-link\">M\u00e1s informaci\u00f3n<\/a><\/p><\/div><\/div><a href=\"https:\/\/comreivic.com\/web\/catalogos\/\" class=\"editorskit-block-link\" rel=\"\"><\/a><\/div>\n\n<div class=\"wp-block-column cat-item ek-linked-block is-layout-flow wp-block-column-is-layout-flow\"><figure class=\"wp-block-image size-full imagen\"><img decoding=\"async\" width=\"800\" height=\"722\" src=\"https:\/\/comreivic.com\/web\/wp-content\/uploads\/2024\/07\/Repuestos-DEVELON-Web.png\" alt=\"Repuestos originales para maquinaria Ammann, New Holland y Develon.\" class=\"wp-image-1146\" srcset=\"https:\/\/comreivic.com\/web\/wp-content\/uploads\/2024\/07\/Repuestos-DEVELON-Web.png 800w, https:\/\/comreivic.com\/web\/wp-content\/uploads\/2024\/07\/Repuestos-DEVELON-Web-300x271.png 300w, https:\/\/comreivic.com\/web\/wp-content\/uploads\/2024\/07\/Repuestos-DEVELON-Web-768x693.png 768w, https:\/\/comreivic.com\/web\/wp-content\/uploads\/2024\/07\/Repuestos-DEVELON-Web-600x542.png 600w\" sizes=\"(max-width: 800px) 100vw, 800px\" \/><\/figure>\n\n<div class=\"wp-block-group content-item\"><div class=\"wp-block-group__inner-container is-layout-flow wp-block-group-is-layout-flow\"><h3 class=\"wp-block-heading\">Repuestos<\/h3>\n\n<p class=\"leermas\"><a href=\"https:\/\/comreivic.com\/web\/libro-de-reclamaciones-copy-copy\/\" class=\"ek-link\">M\u00e1s informaci\u00f3n<\/a><\/p><\/div><\/div><a href=\"https:\/\/comreivic.com\/web\/libro-de-reclamaciones-copy-copy\/\" class=\"editorskit-block-link\" rel=\"\"><\/a><\/div><\/div><div class=\"wp-block-columns categorias is-layout-flex wp-container-core-columns-is-layout-2 wp-block-columns-is-layout-flex\"><div class=\"wp-block-column cat-item ek-linked-block is-layout-flow wp-block-column-is-layout-flow\"><figure class=\"wp-block-image size-large imagen\"><a href=\"https:\/\/comreivic.com\/web\/libro-de-reclamaciones-copy-copy-copy\/\"><img decoding=\"async\" width=\"195\" height=\"261\" src=\"https:\/\/comreivic.com\/web\/wp-content\/uploads\/2020\/09\/capacitacion-imagen-min.jpg\" alt=\"Servicio t\u00e9cnico especializado de COMREIVIC para maquinaria pesada.\" class=\"wp-image-383\"\/><\/a><\/figure>\n\n<div class=\"wp-block-group content-item\"><div class=\"wp-block-group__inner-container is-layout-flow wp-block-group-is-layout-flow\"><h3 class=\"wp-block-heading\">Servicio T\u00e9cnico<\/h3>\n\n<p class=\"leermas\"><a href=\"https:\/\/comreivic.com\/web\/libro-de-reclamaciones-copy-copy-copy\/\" class=\"ek-link\">M\u00e1s informaci\u00f3n<\/a><\/p><\/div><\/div><a href=\"https:\/\/comreivic.com\/web\/libro-de-reclamaciones-copy-copy-copy\/\" class=\"editorskit-block-link\" rel=\"\"><\/a><\/div>\n\n<div class=\"wp-block-column cat-item ek-linked-block is-layout-flow wp-block-column-is-layout-flow\"><figure class=\"wp-block-image size-full imagen\"><a href=\"https:\/\/comreivic.com\/web\/libro-de-reclamaciones-copy-copy-2\/s\/\" rel=\"https:\/\/comreivic.com\/web\/capacitaciones\/\"><img decoding=\"async\" width=\"195\" height=\"261\" src=\"https:\/\/comreivic.com\/web\/wp-content\/uploads\/2024\/02\/capacitacion-capacitacion2.png\" alt=\"\" class=\"wp-image-684\"\/><\/a><\/figure>\n\n<div class=\"wp-block-group content-item\"><div class=\"wp-block-group__inner-container is-layout-flow wp-block-group-is-layout-flow\"><h3 class=\"wp-block-heading\">Capacitaciones<\/h3>\n\n<p class=\"leermas\"><a href=\"https:\/\/comreivic.com\/web\/libro-de-reclamaciones-copy-copy-2\/\" class=\"ek-link\">M\u00e1s informaci\u00f3n<\/a><\/p><\/div><\/div><a href=\"https:\/\/comreivic.com\/web\/libro-de-reclamaciones-copy-copy-2\/\" class=\"editorskit-block-link\" rel=\"\"><\/a><\/div>\n\n<div class=\"wp-block-column cat-item is-layout-flow wp-block-column-is-layout-flow\"><figure class=\"wp-block-image size-full imagen\"><a href=\"https:\/\/comreivic.com\/web\/blog\"><img decoding=\"async\" width=\"195\" height=\"261\" src=\"https:\/\/comreivic.com\/web\/wp-content\/uploads\/2020\/08\/imagen-novedades.png\" alt=\"\" class=\"wp-image-33\"\/><\/a><\/figure>\n\n<div class=\"wp-block-group content-item\"><div class=\"wp-block-group__inner-container is-layout-constrained wp-block-group-is-layout-constrained\"><h3 class=\"wp-block-heading\">Novedades<\/h3>\n\n<p class=\"leermas\"><a href=\"https:\/\/comreivic.com\/web\/blog\/\">M\u00e1s informaci\u00f3n<\/a><\/p><\/div><\/div><\/div><\/div>","protected":false},"excerpt":{"rendered":"<p>Maquinaria M\u00e1s informaci\u00f3n Cat\u00e1logos M\u00e1s informaci\u00f3n Repuestos M\u00e1s informaci\u00f3n Servicio T\u00e9cnico M\u00e1s informaci\u00f3n Capacitaciones M\u00e1s informaci\u00f3n Novedades M\u00e1s informaci\u00f3n<\/p>\n","protected":false},"author":1,"featured_media":0,"parent":0,"menu_order":0,"comment_status":"closed","ping_status":"closed","template":"","meta":{"_editorskit_title_hidden":false,"_editorskit_reading_time":0,"_editorskit_is_block_options_detached":false,"_editorskit_block_options_position":"{}","footnotes":""},"class_list":["post-2","page","type-page","status-publish","hentry"],"yoast_head":"<!-- This site is optimized with the Yoast SEO plugin v26.8 - https:\/\/yoast.com\/product\/yoast-seo-wordpress\/ -->\n<title>Inicio - COMREIVIC - Impulsando el Desarrollo<\/title>\n<meta name=\"description\" content=\"COMREIVIC. Distribuidores de maquinaria pesada en Ecuador de equipos Ammann, New Holland y Develon. Venta, repuestos y servicio t\u00e9cnico.\" \/>\n<meta name=\"robots\" content=\"index, follow, max-snippet:-1, max-image-preview:large, max-video-preview:-1\" \/>\n<link rel=\"canonical\" href=\"https:\/\/comreivic.com\/web\/\" \/>\n<meta property=\"og:locale\" content=\"es_ES\" \/>\n<meta property=\"og:type\" content=\"article\" \/>\n<meta property=\"og:title\" content=\"Inicio - COMREIVIC - Impulsando el Desarrollo\" \/>\n<meta property=\"og:description\" content=\"COMREIVIC. Distribuidores de maquinaria pesada en Ecuador de equipos Ammann, New Holland y Develon. Venta, repuestos y servicio t\u00e9cnico.\" \/>\n<meta property=\"og:url\" content=\"https:\/\/comreivic.com\/web\/\" \/>\n<meta property=\"og:site_name\" content=\"COMREIVIC - Impulsando el Desarrollo\" \/>\n<meta property=\"article:publisher\" content=\"https:\/\/www.facebook.com\/profile.php?id=61558286513507&amp;mibextid=ZbWKwL\" \/>\n<meta property=\"article:modified_time\" content=\"2026-01-22T18:05:33+00:00\" \/>\n<meta property=\"og:image\" content=\"https:\/\/comreivic.com\/web\/wp-content\/uploads\/2024\/02\/imagen-alquiler-2.png\" \/>\n\t<meta property=\"og:image:width\" content=\"263\" \/>\n\t<meta property=\"og:image:height\" content=\"261\" \/>\n\t<meta property=\"og:image:type\" content=\"image\/png\" \/>\n<meta name=\"twitter:card\" content=\"summary_large_image\" \/>\n<meta name=\"twitter:label1\" content=\"Tiempo de lectura\" \/>\n\t<meta name=\"twitter:data1\" content=\"2 minutos\" \/>\n<script type=\"application\/ld+json\" class=\"yoast-schema-graph\">{\"@context\":\"https:\/\/schema.org\",\"@graph\":[{\"@type\":\"WebPage\",\"@id\":\"https:\/\/comreivic.com\/web\/\",\"url\":\"https:\/\/comreivic.com\/web\/\",\"name\":\"Inicio - COMREIVIC - Impulsando el Desarrollo\",\"isPartOf\":{\"@id\":\"https:\/\/comreivic.com\/web\/#website\"},\"primaryImageOfPage\":{\"@id\":\"https:\/\/comreivic.com\/web\/#primaryimage\"},\"image\":{\"@id\":\"https:\/\/comreivic.com\/web\/#primaryimage\"},\"thumbnailUrl\":\"https:\/\/comreivic.com\/web\/wp-content\/uploads\/2024\/02\/imagen-alquiler-2.png\",\"datePublished\":\"2025-10-02T18:29:04+00:00\",\"dateModified\":\"2026-01-22T18:05:33+00:00\",\"description\":\"COMREIVIC. Distribuidores de maquinaria pesada en Ecuador de equipos Ammann, New Holland y Develon. Venta, repuestos y servicio t\u00e9cnico.\",\"breadcrumb\":{\"@id\":\"https:\/\/comreivic.com\/web\/#breadcrumb\"},\"inLanguage\":\"es\",\"potentialAction\":[{\"@type\":\"ReadAction\",\"target\":[\"https:\/\/comreivic.com\/web\/\"]}]},{\"@type\":\"ImageObject\",\"inLanguage\":\"es\",\"@id\":\"https:\/\/comreivic.com\/web\/#primaryimage\",\"url\":\"https:\/\/comreivic.com\/web\/wp-content\/uploads\/2024\/02\/imagen-alquiler-2.png\",\"contentUrl\":\"https:\/\/comreivic.com\/web\/wp-content\/uploads\/2024\/02\/imagen-alquiler-2.png\",\"width\":263,\"height\":261},{\"@type\":\"BreadcrumbList\",\"@id\":\"https:\/\/comreivic.com\/web\/#breadcrumb\",\"itemListElement\":[{\"@type\":\"ListItem\",\"position\":1,\"name\":\"Portada\",\"item\":\"https:\/\/comreivic.com\/web\/\"},{\"@type\":\"ListItem\",\"position\":2,\"name\":\"Inicio\"}]},{\"@type\":\"WebSite\",\"@id\":\"https:\/\/comreivic.com\/web\/#website\",\"url\":\"https:\/\/comreivic.com\/web\/\",\"name\":\"COMREIVIC - Impulsando el Desarrollo\",\"description\":\"Equipos y Maquinaria para la Miner\u00eda y Construcci\u00f3n\",\"publisher\":{\"@id\":\"https:\/\/comreivic.com\/web\/#organization\"},\"potentialAction\":[{\"@type\":\"SearchAction\",\"target\":{\"@type\":\"EntryPoint\",\"urlTemplate\":\"https:\/\/comreivic.com\/web\/?s={search_term_string}\"},\"query-input\":{\"@type\":\"PropertyValueSpecification\",\"valueRequired\":true,\"valueName\":\"search_term_string\"}}],\"inLanguage\":\"es\"},{\"@type\":\"Organization\",\"@id\":\"https:\/\/comreivic.com\/web\/#organization\",\"name\":\"COMREIVIC - Impulsando el Desarrollo\",\"url\":\"https:\/\/comreivic.com\/web\/\",\"logo\":{\"@type\":\"ImageObject\",\"inLanguage\":\"es\",\"@id\":\"https:\/\/comreivic.com\/web\/#\/schema\/logo\/image\/\",\"url\":\"https:\/\/comreivic.com\/web\/wp-content\/uploads\/2024\/11\/favicon.png\",\"contentUrl\":\"https:\/\/comreivic.com\/web\/wp-content\/uploads\/2024\/11\/favicon.png\",\"width\":140,\"height\":140,\"caption\":\"COMREIVIC - Impulsando el Desarrollo\"},\"image\":{\"@id\":\"https:\/\/comreivic.com\/web\/#\/schema\/logo\/image\/\"},\"sameAs\":[\"https:\/\/www.facebook.com\/profile.php?id=61558286513507&mibextid=ZbWKwL\",\"https:\/\/www.linkedin.com\/company\/comreivic\",\"https:\/\/www.instagram.com\/comreivic.ec?igsh=M2Z6dXR6ZDN4aGtr\"]}]}<\/script>\n<!-- \/ Yoast SEO plugin. -->","yoast_head_json":{"title":"Inicio - COMREIVIC - Impulsando el Desarrollo","description":"COMREIVIC. Distribuidores de maquinaria pesada en Ecuador de equipos Ammann, New Holland y Develon. Venta, repuestos y servicio t\u00e9cnico.","robots":{"index":"index","follow":"follow","max-snippet":"max-snippet:-1","max-image-preview":"max-image-preview:large","max-video-preview":"max-video-preview:-1"},"canonical":"https:\/\/comreivic.com\/web\/","og_locale":"es_ES","og_type":"article","og_title":"Inicio - COMREIVIC - Impulsando el Desarrollo","og_description":"COMREIVIC. Distribuidores de maquinaria pesada en Ecuador de equipos Ammann, New Holland y Develon. Venta, repuestos y servicio t\u00e9cnico.","og_url":"https:\/\/comreivic.com\/web\/","og_site_name":"COMREIVIC - Impulsando el Desarrollo","article_publisher":"https:\/\/www.facebook.com\/profile.php?id=61558286513507&mibextid=ZbWKwL","article_modified_time":"2026-01-22T18:05:33+00:00","og_image":[{"width":263,"height":261,"url":"https:\/\/comreivic.com\/web\/wp-content\/uploads\/2024\/02\/imagen-alquiler-2.png","type":"image\/png"}],"twitter_card":"summary_large_image","twitter_misc":{"Tiempo de lectura":"2 minutos"},"schema":{"@context":"https:\/\/schema.org","@graph":[{"@type":"WebPage","@id":"https:\/\/comreivic.com\/web\/","url":"https:\/\/comreivic.com\/web\/","name":"Inicio - COMREIVIC - Impulsando el Desarrollo","isPartOf":{"@id":"https:\/\/comreivic.com\/web\/#website"},"primaryImageOfPage":{"@id":"https:\/\/comreivic.com\/web\/#primaryimage"},"image":{"@id":"https:\/\/comreivic.com\/web\/#primaryimage"},"thumbnailUrl":"https:\/\/comreivic.com\/web\/wp-content\/uploads\/2024\/02\/imagen-alquiler-2.png","datePublished":"2025-10-02T18:29:04+00:00","dateModified":"2026-01-22T18:05:33+00:00","description":"COMREIVIC. Distribuidores de maquinaria pesada en Ecuador de equipos Ammann, New Holland y Develon. Venta, repuestos y servicio t\u00e9cnico.","breadcrumb":{"@id":"https:\/\/comreivic.com\/web\/#breadcrumb"},"inLanguage":"es","potentialAction":[{"@type":"ReadAction","target":["https:\/\/comreivic.com\/web\/"]}]},{"@type":"ImageObject","inLanguage":"es","@id":"https:\/\/comreivic.com\/web\/#primaryimage","url":"https:\/\/comreivic.com\/web\/wp-content\/uploads\/2024\/02\/imagen-alquiler-2.png","contentUrl":"https:\/\/comreivic.com\/web\/wp-content\/uploads\/2024\/02\/imagen-alquiler-2.png","width":263,"height":261},{"@type":"BreadcrumbList","@id":"https:\/\/comreivic.com\/web\/#breadcrumb","itemListElement":[{"@type":"ListItem","position":1,"name":"Portada","item":"https:\/\/comreivic.com\/web\/"},{"@type":"ListItem","position":2,"name":"Inicio"}]},{"@type":"WebSite","@id":"https:\/\/comreivic.com\/web\/#website","url":"https:\/\/comreivic.com\/web\/","name":"COMREIVIC - Impulsando el Desarrollo","description":"Equipos y Maquinaria para la Miner\u00eda y Construcci\u00f3n","publisher":{"@id":"https:\/\/comreivic.com\/web\/#organization"},"potentialAction":[{"@type":"SearchAction","target":{"@type":"EntryPoint","urlTemplate":"https:\/\/comreivic.com\/web\/?s={search_term_string}"},"query-input":{"@type":"PropertyValueSpecification","valueRequired":true,"valueName":"search_term_string"}}],"inLanguage":"es"},{"@type":"Organization","@id":"https:\/\/comreivic.com\/web\/#organization","name":"COMREIVIC - Impulsando el Desarrollo","url":"https:\/\/comreivic.com\/web\/","logo":{"@type":"ImageObject","inLanguage":"es","@id":"https:\/\/comreivic.com\/web\/#\/schema\/logo\/image\/","url":"https:\/\/comreivic.com\/web\/wp-content\/uploads\/2024\/11\/favicon.png","contentUrl":"https:\/\/comreivic.com\/web\/wp-content\/uploads\/2024\/11\/favicon.png","width":140,"height":140,"caption":"COMREIVIC - Impulsando el Desarrollo"},"image":{"@id":"https:\/\/comreivic.com\/web\/#\/schema\/logo\/image\/"},"sameAs":["https:\/\/www.facebook.com\/profile.php?id=61558286513507&mibextid=ZbWKwL","https:\/\/www.linkedin.com\/company\/comreivic","https:\/\/www.instagram.com\/comreivic.ec?igsh=M2Z6dXR6ZDN4aGtr"]}]}},"_links":{"self":[{"href":"https:\/\/comreivic.com\/web\/wp-json\/wp\/v2\/pages\/2","targetHints":{"allow":["GET"]}}],"collection":[{"href":"https:\/\/comreivic.com\/web\/wp-json\/wp\/v2\/pages"}],"about":[{"href":"https:\/\/comreivic.com\/web\/wp-json\/wp\/v2\/types\/page"}],"author":[{"embeddable":true,"href":"https:\/\/comreivic.com\/web\/wp-json\/wp\/v2\/users\/1"}],"replies":[{"embeddable":true,"href":"https:\/\/comreivic.com\/web\/wp-json\/wp\/v2\/comments?post=2"}],"version-history":[{"count":62,"href":"https:\/\/comreivic.com\/web\/wp-json\/wp\/v2\/pages\/2\/revisions"}],"predecessor-version":[{"id":1418,"href":"https:\/\/comreivic.com\/web\/wp-json\/wp\/v2\/pages\/2\/revisions\/1418"}],"wp:attachment":[{"href":"https:\/\/comreivic.com\/web\/wp-json\/wp\/v2\/media?parent=2"}],"curies":[{"name":"wp","href":"https:\/\/api.w.org\/{rel}","templated":true}]}}